*p. Suppose 2*g + 4*x = g + 67, -2*g - p*x + 104 = 0. Is g a composite number?
False
Suppose 4*q = 6*q - 5*n - 1718, -2*q = 2*n - 1718. Is q prime?
True
Let k(t) = 32*t**2 + 2*t - 1. Suppose 5 + 5 = -5*f. Is k(f) a composite number?
True
Let p(o) = o**3 + 10*o**2 + 15*o + 3. Is p(-5) a prime number?
True
Let a(q) = 8*q**3 - 13*q**2 + 3*q + 7. Is a(6) a composite number?
True
Let c(f) = -f**2 + 2. Let o be c(-3). Let n = 12 + o. Suppose 3*v - 2*u - 833 - 94 = 0, 322 = v - n*u. Is v prime?
True
Let b = 61 + 2083. Suppose 8*t = 504 + b. Is t composite?
False
Let n(p) be the third derivative of 11*p**4/4 - 7*p**3/6 + 5*p**2 - 3. Suppose -5*g - 4*u = -24, -2*g - 2*g + 5*u = -11. Is n(g) a prime number?
True
Suppose -2*w + 15633 = 5*t, -4*w + 4*t + 39165 = w. Is w prime?
True
Let b(v) = v**3 + 19*v**2 + v + 21. Let u be b(-19). Suppose 3*c - 4*m - 23 - 9 = 0, 3*m = 5*c - 35. Is (u - (-5 + c)) + 950 composite?
False
Suppose 0 = h - k - 11377, 5*h + 4*k = -0*h + 56885. Is h prime?
False
Suppose -2048 = -2*s - 786. Let i = 1165 - s. Suppose 0 = 4*w - i - 270. Is w a composite number?
True
Let w = 1 - -2. Let r be (65/(-3) - w)*-3. Let d = -31 + r. Is d a prime number?
True
Let t be (-4 - 1) + (-3 - -16). Suppose -t + 942 = 2*m. Is m prime?
True
Let h(p) = 17*p**2 - 2*p + 8. Let c be 22/(-5) - (-18)/(-30). Let k be h(c). Suppose y - 2*y = -k. Is y prime?
True
Suppose -4*w + 7*w = -w. Suppose 0 = 3*n - 6*n + 2*l + 6163, 4*n - 2*l - 8216 = w. Is n prime?
True
Let m(w) = -14*w**3 - 17*w**2 + 13*w - 8. Let i(a) = 5*a**3 + 6*a**2 - 4*a + 3. Let p(z) = 11*i(z) + 4*m(z). Is p(-6) a composite number?
False
Let v(l) be the third derivative of -7*l**2 + 1/6*l**3 + 0*l + 0 - 1/120*l**6 - 1/24*l**4 - 1/12*l**5. Is v(-8) prime?
False
Suppose 65*n - 652885 = -20*n. Is n a composite number?
False
Let u = -1 + 6. Suppose u*m - 253 = 1342. Is m prime?
False
Let n(d) = d**3 + d**2 + 38. Suppose 4*x - 2*x = 22. Suppose 6*c = x*c. Is n(c) prime?
False
Suppose -8 = -2*w - w + 2*p, 5 = 5*w + 5*p. Is (3/w)/((-48)/(-54176)) composite?
False
Suppose 101*q + 221090 = 111*q. Is q prime?
True
Suppose 3*a + 2*a = 9315. Let l be 1/3 + -4 + 20/12. Is a/5 + l/(-5) prime?
True
Suppose 0 = 5*p + 2*n - 140453, 0*p - 140459 = -5*p + 4*n. Is p prime?
False
Let z = -1317 - -3033. Let x(q) = q**2 - q + 15. Let i be x(0). Is z/i + 3/5 prime?
False
Let c(y) be the second derivative of -43*y**3/3 + 7*y**2/2 + 4*y. Is c(-5) prime?
False
Let z(c) be the second derivative of 47*c**3 - 7*c**2/2 + 17*c. Is z(2) composite?
False
Let d = 19 + -12. Suppose l + 2 - d = 0. Suppose -4*g - 4*a + 6*a + 192 = 0, -l*g + 246 = -4*a. Is g a prime number?
False
Let z(x) = 21*x + 9. Let h(q) = 11*q + 4. Let f(b) = 13*h(b) - 6*z(b). Is f(11) composite?
True
Let r(y) = 4*y + 74. Let c be r(-19). Is (c - 2132/8)*-2 composite?
True
Let n(i) = i**2 + 12*i - 1. Let a be n(-12). Is 393 - (-16)/(-4)*a prime?
True
Let d be (-2)/1 - (17 - 11). Let c(u) = 14*u**2 - 9*u - 25. Is c(d) composite?
True
Let s(x) = -x**3 - 2*x**2 + 6*x + 1. Let u be s(-4). Suppose -3*t - 2748 = -u*t. Suppose -500 = -2*v + t. Is v a composite number?
False
Suppose 0*b = 3*b + 4*a + 8, -12 = 2*b + 4*a. Suppose 0 = b*k + 3*k - 3759. Is k a composite number?
True
Let d(y) = -y**2 - 14*y - 18. Let g be d(-12). Suppose 0 = -g*p - 642 + 2634. Suppose 4*v - 2*w - 2*w = p, -5*w = 4*v - 296. Is v a prime number?
True
Let i(b) = b**2 + 3*b - 15. Let n be i(-7). Suppose 11*v - n*v + 5042 = 0. Is v a prime number?
True
Let v be 13/5 + (-2)/(-5). Let a be (-7)/3*2*v. Is 4/a + 4106/14 composite?
False
Let f(k) = 12*k**3 - 5*k**2 - 9*k - 25. Is f(6) a composite number?
False
Let r(g) = -g**2 + 16*g + 11. Suppose 5*m + 7150 = -0*m. Let v be m/(-117) - (-2)/(-9). Is r(v) a prime number?
True
Suppose 0*b - b - 5*g + 105 = 0, 3*b - g = 363. Let j = b - -175. Is j a prime number?
False
Suppose -22 = 11*x - 10*x. Let w = -24 - x. Is (w - -85)/(2/6) a prime number?
False
Is (13 - -7)/(-5) + 1283 prime?
True
Suppose 0 = -237*d + 234*d + 22989. Is d prime?
False
Suppose 69684 + 63239 = 17*w. Is w a composite number?
True
Let l be (4536 + -1)*(6 + 128/(-20)). Is (l/(-4))/(9/18) a prime number?
True
Let j(c) = -11*c**3 + 11*c**2 - 10*c - 59. Is j(-16) a prime number?
False
Suppose -i = -4*b - 1391, 5*i - 4*b = -351 + 7338. Is i a composite number?
False
Let q = -505 - -1202. Is q a composite number?
True
Is 1*5/(-10)*(-12183 + 5) prime?
True
Let m be (0/1)/(1 - -1). Suppose u - 4 = v, -2 - 2 = -2*u - 2*v. Suppose 987 = -m*q + u*q. Is q a composite number?
True
Let m be 6246/6 - (-2 - 1 - -2). Suppose s + s - m = 0. Is s a prime number?
True
Suppose -2*u - 2 = -8. Suppose w = -5*a + 22, -18 = -5*a - 2*w + u*w. Suppose 2*r - 35 = -l + 63, -a*r - 5*l + 208 = 0. Is r composite?
False
Let a(o) = -6 + 1 + 2 + 2 + 7*o. Let i be a(-5). Is 4*3/(i/(-111)) prime?
True
Suppose 10*b + 5*b = 29805. Is b a prime number?
True
Let d(w) = -w**3 - 3*w**2 + 14*w + 11. Let r be d(-6). Let n = 58 - r. Is n a prime number?
True
Suppose 63*a - 756947 = -40*a. Is a a prime number?
True
Suppose 3*s - 3825 = -2*s. Suppose 0 = 4*k - 5*p + 125 - 696, -5*k - 4*p + s = 0. Suppose 0 = -5*v + 3*h + k, 2*v + 2*h = 4*h + 58. Is v prime?
True
Suppose -5*d = 4*l - 12, 11 = d + 5*l - 4. Suppose -v + 5*v - 1688 = d. Let t = 709 - v. Is t a prime number?
False
Let x(b) be the second derivative of 8*b**5/5 + b**4/6 - 2*b**3/3 + b**2 + 2*b. Let f be x(2). Suppose 4*z + f = 7*z. Is z a composite number?
True
Let k(i) = 2*i**2 - 6. Let p be 2/(-5)*5/1. Let v be k(p). Let a(y) = 273*y**2 + 5*y - 5. Is a(v) a composite number?
False
Let q be -3 - (12*7)/4. Let o = q - -49. Is o a prime number?
False
Let y(h) = -h**3 + 8*h**2 + 25*h + 11. Is y(9) composite?
True
Suppose 0 = 5*y - 4*y - 4. Suppose -24 = -h + y*p, -h + 5*p + 37 = 2*h. Suppose o - 214 = -z, -h*o + z = -0*o - 871. Is o composite?
True
Let q = 2 + 8. Is (11/(-3))/(q/(-30)) a prime number?
True
Let w = 100635 - 62836. Is w composite?
False
Let j = -2030 + 3585. Is j a composite number?
True
Suppose -11*p - 24 = -17*p. Suppose -11*v + 4417 = -p*v. Is v composite?
False
Let n = 176 + 2655. Is n composite?
True
Let t = 24 - 45. Is ((-4753)/t)/(1/3) composite?
True
Suppose 12*t = 7143 + 6813. Suppose -4*x + 9343 - t = 0. Is x prime?
False
Let h(b) = -338*b**2 - b + 1. Let x be h(1). Let p = x + 717. Is p prime?
True
Let y be 1 + (-1 + 3 - 4). Let n be -1*y*(609 + -2). Let x = n - 320. Is x a composite number?
True
Let s(i) = i**3 - 14*i**2 + 4. Let x be s(14). Let u be ((-12)/x)/(2/(-882)). Suppose -5*a - 268 = -u. Is a a composite number?
False
Let m(k) = 196*k**2 + 4*k - 36. Let g(i) = -39*i**2 - i + 7. Let r(p) = -11*g(p) - 2*m(p). Let u be (8/10)/(2/5). Is r(u) a composite number?
False
Suppose 3*l - 6 = 3*c, -3*c + 22 = c + 2*l. Suppose 1431 = 3*a + 4*f, -3*a - 472 = -4*a - c*f. Is a a composite number?
True
Let k = 128 - 113. Let i(x) = x**3 - 11*x**2 - 26*x - 7. Is i(k) a composite number?
False
Let d(h) = 2*h + 15. Let f be d(-5). Suppose f*i - 2*c = 6995, i + 0*i + 4*c = 1377. Is i a prime number?
False
Let p(a) = 1184*a + 65. Is p(18) prime?
True
Suppose u + u = 3*s + 18973, -s = -4*u + 37961. Is u prime?
True
Suppose 3*w + 3*u - 21 = -6, -w = -4*u + 10. Suppose -3*b - w*b = 2*o - 1057, 0 = b - 3. Is o a composite number?
False
Let p(t) = t**3 - 12*t**2 + 11*t. Let r be p(11). Suppose n = 5*c - 6 - 4, r = -n. Let u(d) = 50*d**3 - 2*d**2 - 3*d + 3. Is u(c) a composite number?
False
Let c(p) = -p**3 - 4. Let d be c(-3). Let f = 28 - d. Suppose -f*z = -847 - 208. Is z composite?
False
Suppose w - 2027 = 7950. Is w prime?
False
Let o(t) be the first derivative of 4*t**3 - t**2 - t - 14. Is o(6) composite?
False
Suppose -3*c - c + 2*p = -15276, -5*p + 7662 = 2*c. Is c composite?
False
Let s be 2 + 1 - -898*1. Let d = s - 532. Suppose -2*m + 4*n + d = -m, -2*m + n = -710. Is m prime?
True
Let t(f) = -1225*f + 261. Is t(-4) a prime number?
False
Suppose 0 = p - 4*a - 1 - 6, p + 3*a = 28. Is (p + -4)/(-5) + 694 a composite number?
False
Let q(r) = 2*r**2 + 45*r - 99. Is q(32) prime?
True
Let n(f) = -23918*f + 83. Is n(-3) prime?
True
Suppose 2*f + 5 = 3*f - 2*p, 0 = -5*f - 4*p + 53. Let o = -19 + f. Let q = o + 151. Is q a composite number?
True
Suppose 5